 268. Give f(5).
18
Let w(m) = 8*m**2 - 122*m + 20. Determine w(15).
-10
Let c(r) = 16*r**2 - 2*r - 2. Give c(2).
58
Let v(r) = -r**3 + 7*r**2 + 4*r + 32. Calculate v(8).
0
Let n(t) = 2*t + 58. Give n(-19).
20
Let a(m) = -3*m**2 - 37*m - 133. Calculate a(-4).
-33
Let l(c) = c**2 + 3*c - 6. Give l(-5).
4
Let m(w) = w**3 + 7*w**2 - 18*w - 7. Calculate m(-9).
-7
Let s(u) = u**3 + 6*u**2 + u + 11. Calculate s(-6).
5
Let r(m) = -6*m + 1. Determine r(-5).
31
Let c(g) = 5*g**3 + 7*g**2 + 6*g + 3. Calculate c(-3).
-87
Let g(s) = -s**2 - 5*s + 5. Calculate g(-5).
5
Let c(x) = -x**2 - 12*x - 10. What is c(-8)?
22
Let k(p) = -2*p - 13. What is k(-3)?
-7
Let f(w) = -w**3 + 14*w**2 - 13*w + 4. What is f(13)?
4
Let p(w) = 5*w - 6. Determine p(3).
9
Let f(j) = j**3 - j**2 - 4*j. Give f(-3).
-24
Let x(o) = 3*o - 4. What is x(-3)?
-13
Let h(q) = -2*q**2 - 21*q + 13. Calculate h(-11).
2
Let f(x) = 4*x + 94. Calculate f(-21).
10
Let a(p) = 24*p - 117. Determine a(5).
3
Let j(v) = -4*v + 8. Calculate j(4).
-8
Let z(n) = n**2 - 8*n - 17. Determine z(0).
-17
Let i(a) = -a**3 - 11*a**2 - 12*a - 9. Give i(-10).
11
Let q(k) = 9*k - 7. Calculate q(-6).
-61
Let y(p) = p**3 - 22*p**2 - 28*p + 42. Determine y(23).
-73
Let t(p) = -15*p - 2. Give t(-1).
13
Let g(y) = -y**2 - 24*y - 27. What is g(-21)?
36
Let o(s) = -s**3 - 16*s**2 - 15*s + 5. Determine o(-15).
5
Let u(k) = 2*k**2 - 4*k + 11. Give u(0).
11
Let i(o) = o**3 + 3*o**2 - 4. Determine i(2).
16
Let n(h) = -h**3 + 26*h**2 + h - 31. Give n(26).
-5
Let n(s) = s**2 - 13*s - 62. Give n(-4).
6
Let t(q) = 52*q + 105. Give t(-3).
-51
Let z(v) = -2*v**3 - v**2 + 28*v + 30. Calculate z(-1).
3
Let c(g) = g + 3. Calculate c(0).
3
Let q(r) = r - 10. What is q(9)?
-1
Let o(s) = 27*s**2 + 4*s - 1. Calculate o(1).
30
Let i(x) = -x**3 + 14*x**2 - 24*x - 2. What is i(12)?
-2
Let h(l) = 4*l - 4. What is h(5)?
16
Let w(f) = f**3 - 2*f**2 - 3*f + 2. What is w(2)?
-4
Let a(z) = 3*z**3 - 28*z**2 + 10*z - 9. Calculate a(9).
0
Let m(j) = 2*j + 3. What is m(-6)?
-9
Let u(z) = z**2 - 17*z + 70. Calculate u(10).
0
Let f(j) = -j**3 + j**2 - 2*j + 2. Determine f(2).
-6
Let d(o) = -o**2 - 5*o + 2. What is d(-3)?
8
Let x(z) = z**3 - 7*z**2 - 7*z - 7. Give x(8).
1
Let m(h) = -3*h**2 - 2*h - 1. Determine m(-2).
-9
Let y(c) = -c**2 - 23*c - 6. Calculate y(-20).
54
Let o(u) = -u**2 + 29*u + 4. Determine o(31).
-58
Let j(x) = -5*x + 19. What is j(8)?
-21
Let r(v) = -v**3 + 8*v**2 - 10*v + 20. What is r(7)?
-1
Let x(l) = l**3 + 10*l**2 + 10*l - 14. Calculate x(-9).
-23
Let v(p) = -p + 2. Determine v(6).
-4
Let t(f) = f**3 - 9*f**2 - 10*f - 3. What is t(9)?
-93
Let j(d) = d**3 - 5*d**2 - 5*d + 16. What is j(3)?
-17
Let b(i) = -9*i**2 + 104*i + 18. Give b(12).
-30
Let g(f) = f**3 + 5*f**2 - 4. What is g(-5)?
-4
Let q(n) = -n**2 + 34*n - 129. What is q(30)?
-9
Let j(h) = -7*h + 14. Give j(3).
-7
Let r(j) = -2*j - 9. What is r(-10)?
11
Let b(y) = 6*y - 2. Give b(-13).
-80
Let n(i) = -5*i - 9. Determine n(6).
-39
Let u(j) = -4*j - 28. Give u(7).
-56
Let o(f) = f**3 + 7*f**2 - 2*f - 7. What is o(-7)?
7
Let s(m) = -m**3 - 7*m**2 - 17*m - 31. Calculate s(-5).
4
Let v(h) = h**3 + 8*h**2 - 151*h - 15. What is v(9)?
3
Let u(i) = -i**2 - 3*i + 7. Determine u(-7).
-21
Let t(x) = -x**2 - 35*x - 91. Determine t(-32).
5
Let w(z) = -z**2 + z + 3. Determine w(3).
-3
Let v(o) = -o**3 - 6*o**2 - 6*o - 2. What is v(-2)?
-6
Let j(y) = 3*y**2 + 24*y + 46. Determine j(-6).
10
Let u(f) = f**3 + 19*f**2 - 19*f + 22. Give u(-20).
2
Let f(a) = -3*a**2 + 3*a - 4. Give f(2).
-10
Let v(d) = -d**3 - 22*d**2 - 17*d + 68. Give v(-21).
-16
Let n(v) = 39*v**3 - 2*v - 1. Determine n(-1).
-38
Let r(f) = f**2 - 2*f - 34. Determine r(0).
-34
Let z(m) = 11*m**2 - 2*m. Give z(3).
93
Let n(s) = s**3 - 14*s**2 + 4*s - 48. What is n(14)?
8
Let g(s) = 2*s - 65. Give g(5).
-55
Let u(p) = -p**3 - 26*p**2 + 2*p + 37. Calculate u(-26).
-15
Let r(j) = j**3 - 5*j**2 - 5*j + 9. Give r(6).
15
Let g(t) = 13*t - 10. Calculate g(1).
3
Let s(m) = -30*m + 175. What is s(6)?
-5
Let h(t) = -t**2 + 9*t + 2. Determine h(9).
2
Let u(i) = -i**2 + 5*i + 2. What is u(8)?
-22
Let n(i) = i**3 + 11*i**2 - 9*i + 3. What is n(-12)?
-33
Let t(h) = 5*h**2 + 2*h - 2. Calculate t(1).
5
Let z(q) = -7*q - 188. Calculate z(-20).
-48
Let y(z) = -z**2 + 5*z + 32. What is y(8)?
8
Let q(v) = -2*v**2 - 33*v - 16. Determine q(-16).
0
Let y(i) = -4*i - 11. Give y(-9).
25
Let q(b) = -2*b**3 - 15*b**2 - 12*b + 9. Determine q(-6).
-27
Let k(h) = 4*h - 4. What is k(0)?
-4
Let g(u) = -u**2 + 8*u - 2. What is g(9)?
-11
Let l(f) = f**3 + f**2 + 35. Give l(0).
35
Let c(r) = r**3 - 10*r**2 - 24*r - 11. Calculate c(12).
-11
Let c(k) = -k**3 + 32*k**2 + 3*k - 85. Give c(32).
11
Let h(y) = 3*y - 75. Determine h(27).
6
Let d(m) = -m - 9. Calculate d(7).
-16
Let w(h) = -h**2 - 10*h - 30. Determine w(-4).
-6
Let i(r) = -r - 11. Calculate i(-9).
-2
Let k(r) = 9*r**2 + 5*r + 2. Calculate k(-1).
6
Let m(n) = -2*n**2 + 7*n + 2. What is m(6)?
-28
Let j(p) = -8*p - 26. Determine j(-10).
54
Let i(w) = -w - 23. Give i(20).
-43
Let r(n) = 2*n**2 - 2*n - 5. Calculate r(-3).
19
Let o(c) = -c + 32. Give o(10).
22
Let a(y) = -2*y**3 - 4*y**2 + 3*y - 8. Calculate a(-4).
44
Let z(t) = t**3 - 10*t**2 - 12*t + 9. Calculate z(11).
-2
Let h(p) = 17*p + 7. Determine h(-1).
-10
Let c(t) = 2*t - 80. Calculate c(35).
-10
Let o(n) = -5*n**2 + 5*n - 3. Give o(4).
-63
Let s(b) = b**2 + 10*b + 6. Determine s(-9).
-3
Let a(t) = -t**2 + 32*t - 66. Calculate a(2).
-6
Let c(w) = 46*w**3 + 2*w**2 - 2. Give c(1).
46
Let c(w) = 2*w**2 - 4*w - 2. Determine c(-1).
4
Let o(f) = -19*f - 50. Calculate o(-7).
83
Let p(o) = -o**3 + 7*o**2 + 3*o + 2. What is p(6)?
56
Let d(n) = -n**3 + 13*n**2 + 2*n - 3. What is d(13)?
23
Let k(w) = -w**2 + w + 2. What is k(-7)?
-54
Let d(v) = -v**3 + 3*v**2 - 5*v + 5. Determine d(2).
-1
Let x(q) = -q**3 + 20*q**2 - 22*q + 45. Calculate x(19).
-12
Let z(r) = r + 10. Determine z(-6).
4
Let v(r) = -r**2 + 8*r - 4. Determine v(6).
8
Let w(p) = -p**3 + 2*p**2 + 9*p - 4. Give w(4).
0
Let k(g) = -15*g + 28. What is k(8)?
-92
Let f(q) = q**2 + 38*q - 80. What is f(-40)?
0
Let a(z) = -z**2 + 15*z + 13. Calculate a(16).
-3
Let w(q) = q**2 - 9*q + 7. Give w(9).
7
Let c(t) = -t**2 + 11*t - 5. Determine c(9).
13
Let m(y) = y**2 + 7*y - 3. Give m(-6).
-9
Let g(h) = 2*h**3 - 49*h**2 - 78*h. Calculate g(26).
0
Let s(t) = t**2 + 13*t + 3. Calculate s(-11).
-19
Let c(o) = 3*o**2 - 2*o + 6. What is c(3)?
27
Let w(r) = -2*r**3 - 13*r**2 - 3*r + 21. Determine w(-6).
3
Let m(c) = -5*c + 10. Give m(-7).
45
Let x(t) = t**3 - 49*t**2 - 52*t + 96. Give x(50).
-4
Let l(s) = s + 8. What is l(0)?
8
Let p(k) = k**3 - 13*k**2 - 11*k + 137. Determine p(13).
-6
Let p(j) = -j**2 - 9*j + 26. Determine p(5).
-44
Let r(i) = -i**3 - 7*i**2 - 6*i + 4. Determine r(-7).
46
Let n(t) = -3*t + 81. Calculate n(27).
0
Let v(b) = b**2 - 20*b - 4. Calculate v(17).
-55
Let o(s) = s**3 + 7*s**2 + 4*s - 8. What is o(-6)?
4
Let t(v) = 2*v + 2. What is t(4)?
10
Let c(o) = -o - 2. Determine c(2).
-4
Let q(z) = z**3 - 12*z**2 - 29*z + 30. Give q(14).
16
Let g(q) = -q**3 + 12*q**2 + 8*q + 2. Determine g(13).
-63
Let r(h) = 5*h + 24. Give r(-9).
-21
Let c(d) = d + 6. Determine c(-1).
5
Let z(k) = 4*k - 1. What is z(10)?
39
Let j(u) = -u - 11. What is j(8)?
-19
Let i(o) = -o**3 - 3*o**2 + 10*o + 5. What is i(-5)?
5
Let n(q) = -q**2 - 7*q + 8. Determine n(-7).
8
Let x(s) = -s**2 + 5*s - 5. Calculate x(5).
-5
Let n(i) = 7*i**2 - 27*i - 1. What is n(5)?
39
Let c(j) = j**2 - 33*j + 257. Determine c(14).
-9
Let l(d) = d**3 + d**2 + d + 7. What is l(0)?
7
Let o(h) = 3*h**3 - 10*h**2 - 23*h + 4. Give o(-2).
-14
Let i(d) = 4*d + 2. Give i(-4).
-14
Let m(o) = o**3 + 24*o**2 + 23*o - 2. Calculate m(-23).
-2
Let o(n) = 73*n - 75. What is o(1)?
-2
Let k(j) = -3*j + 41. What is k(14)?
-1
Let l(j) = j**3 + 20*j**2 + 20*j + 6. Calculate l(-19).
-13
Let a(o) = o**3 + 11*o**2 + 10*o + 3. Calculate a(-10).
3
Let h(x) = -3*x**2 - 4*x + 1. Give h(-2).
-3
Let l(t) = -7*t + 29. What is l(5)?
-6
Let u(b) = -b - 6. Calculate u(-4).
-2
Let l(d) = -d**3 - 28*d**2 + d - 8. Give l(-28).
-36
Let t(p) = -p**2 - 7*p - 7. Determine t(-3).
5
Let y(l) = -111*l**3 + l**2. What is y(-1)?
112
Let r(q) = -q + 12. Calculate r(3).
9
Let n(i) = -i**3